*c. Let v(w) be the first derivative of x(w). Let a = 59 - 59. Calculate v(a).
-4
Let q(f) be the first derivative of -1/2*f**2 - 2 - f. Let t = -77 - -74. What is q(t)?
2
Let u(b) = b**3 + 7*b**2 + 4*b - 6. Suppose 2*d + 4 = 3*d, 2*o + 3*d = 0. Give u(o).
6
Let z(l) be the third derivative of 2*l**2 - 1/6*l**3 + 0*l - 1/24*l**4 - 1/30*l**5 + 0 + 1/120*l**6. What is z(3)?
5
Let y(s) = 2*s + 3. Suppose 3*n + 40 = 4*x, 2*n + 3 + 5 = 0. Let b(c) = -c - 2. Let t(f) = x*b(f) + 3*y(f). Calculate t(0).
-5
Let h(v) = 2*v - 4. Suppose 25 - 9 = 4*k. What is h(k)?
4
Suppose -87 = -5*t - 52. Let a(f) = f**2 - 6*f - 8. Determine a(t).
-1
Suppose 0 = -3*c + j, j = 5*c + 1 + 1. Let i(v) = -8*v**3 + 2*v + 1. Calculate i(c).
7
Let k(w) = -8*w**2 + w - 1. Let b = 18 + -17. Give k(b).
-8
Let y(c) be the first derivative of -c**2/2 + 3*c + 10. Determine y(-6).
9
Let o(u) = -u**3 + 3*u**2 - 3. Let r be (9 - 3)/((-3)/(-2)). Suppose -d + r*d = 9. Give o(d).
-3
Suppose -4 + 1 = -f. Let r(a) = 0 + 0*a - f*a - 2 - 2. Give r(-4).
8
Let h(a) be the second derivative of -2*a**3/3 + a**2/2 + 9*a. Determine h(-1).
5
Let j(g) be the first derivative of -g**4/4 + 5*g**3/3 - g**2/2 + 6*g + 5. Determine j(5).
1
Suppose -4*o - 9 = -7*o. Suppose -n = -o*n - 6. Let w(c) = -2*c. Determine w(n).
6
Let m(x) be the first derivative of x**3/3 + 2*x**2 - 5*x + 1. Let n = -20 - -14. Determine m(n).
7
Let p(i) = 6*i**2 - 10*i. Let a(w) = w**2 - 2*w. Let s(x) = 11*a(x) - 2*p(x). Determine s(-4).
-8
Suppose -5*n + 24 = f, -4*f + 11 = 4*n - 5. Let q(a) be the second derivative of 0 - 1/6*a**3 + 4*a**2 - a. Determine q(n).
3
Let r(v) = -v**3 + 11*v**2 + 11*v + 4. Let c be r(12). Let s(k) = k + 2. Calculate s(c).
-6
Let l(p) = p. Let v(c) = -c - 1. Let y(s) = -6*l(s) - v(s). Let u = -690 + 691. What is y(u)?
-4
Let g(z) = -5*z**2 - 3*z - 4. Let b(w) = -7*w**2 - 5*w - 6. Let h(l) = 3*b(l) - 4*g(l). Suppose 0 = -3*o + o - 6. Give h(o).
-2
Let f(v) = -v**3 + 9*v**2 + 9*v + 10. Let i be f(10). Let a(p) = -3 - p**2 - 3 + i + 3. Calculate a(0).
-3
Suppose 5*a = -5*l + 7 - 22, -a = -4*l + 23. Let g(p) = -p - 1. What is g(a)?
6
Let f(x) be the second derivative of 0 + 1/6*x**3 - x**2 + 1/12*x**4 + 3*x. What is f(-2)?
0
Suppose -9*b + 18 = -6*b. Let i(q) = 6*q - 6*q**2 + 0 - b + 5*q**2. Determine i(5).
-1
Let t(d) = d**3 + 7*d**2 - d + 7. Let y = 123 + -130. What is t(y)?
14
Let r(d) = 4*d**2 - 4*d - 2. Let b(p) = 4*p**2 - 3*p - 2. Let t(i) = -4*b(i) + 3*r(i). Give t(3).
-34
Let u(q) = 0 - 6*q + 1 - 2. Suppose -5*n - 20 = 4*d, 6*n - d + 20 = n. Let t = 3 + n. Calculate u(t).
5
Let n(t) = -2*t**2 - t + 2. Suppose 0 = 5*h - x - 14, 3*x = -5*h - x + 19. Let j be h/6 - 70/(-4). Suppose -3*q + o - 5 = -2*q, -3*q + 4*o - j = 0. Give n(q).
-4
Let p(l) = l**2 + 5*l + 2. Suppose -13 + 1 = 3*j. Let i be p(j). Let t(u) = 5*u + 1. Calculate t(i).
-9
Suppose -3*b = -5*t + 35, 6*b + 4*t + 9 = b. Let p(l) = -2*l - 5*l**2 + 2*l**3 + 4*l + 6 - 3*l**3. Determine p(b).
-4
Let s(o) = -o + 3. Let t(w) = w**2 + 4*w. Let c(k) = -4*k**2 - 16*k. Let b(n) = -2*c(n) - 9*t(n). Let g be b(-5). Calculate s(g).
8
Let o(t) = t + 4. Let c(i) = 1. Let b(y) = 3*c(y) - o(y). What is b(-5)?
4
Let a = -6 + 12. Let k(d) be the first derivative of 5*d - 3 - 7/2*d**2 + 1/3*d**3. Give k(a).
-1
Let o(t) be the first derivative of 2*t**3/3 - t**2/2 + 51. Give o(3).
15
Suppose -5*o = -8*o + 6. Let x(t) = 0 + 2 - t**o - 3. Determine x(-2).
-5
Let s(f) = -24*f**2 + f + 1. Suppose -x - z = 1 + 3, 0 = -3*x + 3*z + 6. What is s(x)?
-24
Let t(j) = j - 12. Let u be t(7). Suppose 0 = -2*i - 5*d - 9, 5*i - 19 = 3*d + 5. Let n(g) = -3*g - 2*g - 6*g**2 + 0*g - g**i. Calculate n(u).
0
Let j be (-16)/6 + 4/6. Let k(l) be the second derivative of -2/3*l**3 + 2*l - 1/10*l**5 - l**2 + 0 - 1/3*l**4. What is k(j)?
6
Let f(v) be the second derivative of -v**5/20 + v**4/12 + 3*v. Let q(j) = -5*j**3 + j**2 + 7. Let g be 5/7 + 2/7. Let y(b) = g*q(b) - 6*f(b). Give y(5).
7
Suppose -4*v - 2*y = -4, 5*v + 3*y = 3*v - 2. Let r(x) be the first derivative of 3*x**2 - 3*x**2 + v + x**2. Determine r(3).
6
Let u(d) = -1 + 4*d**2 + 5*d + 3 - 3*d**2. Suppose -4*b + 0*q = -2*q + 20, 0 = 4*b + 2*q + 4. Calculate u(b).
-4
Let u(h) = -3*h - 3*h + 5*h + 2*h. Give u(-5).
-5
Let h(t) = 5*t + t**3 + 1 + 7*t**2 - 2*t**2 + 2. Suppose 2 = u - 3. Suppose -22 = -b - u*c, -b + 4*c - 34 + 11 = 0. Give h(b).
6
Suppose -4*y - 36 + 0 = 0. Let a(v) = 5*v + 3. Let x(h) = -11*h - 7. Let k(j) = y*a(j) - 4*x(j). Suppose -3*g + 22 = 7. Calculate k(g).
-4
Suppose -2*l - 5*p = -29, -5*p + 53 = 4*l - 0*l. Let n = l - 14. Let v(w) = 2*w**2 + 8*w + 2. Let m(i) = -i**2 - 4*i - 1. Let o(h) = 5*m(h) + 2*v(h). Give o(n).
3
Suppose 3*g = -2*g + 25. Let q(n) = 2*n. Calculate q(g).
10
Let l(y) = 15*y**3 - y**2 - y + 1. Let k be l(1). Let p = 19 - k. Let h(z) = -2*z - 2 + 1 + 2. Calculate h(p).
-9
Let v be -2 + (2 - (0 + 0)). Let i(r) = -r + 2*r + 1 - 2. Calculate i(v).
-1
Let x(i) = 3*i**2 - 3*i + 1. Let f(u) = -4*u**2 + 3*u - 1. Let h(k) = -2*f(k) - 3*x(k). Calculate h(3).
-1
Let f(g) be the third derivative of g**8/2240 - g**7/1260 - g**6/360 + g**5/120 + g**4/8 + 2*g**2. Let l(x) be the second derivative of f(x). Give l(2).
13
Let r(k) be the second derivative of -k**4/12 + 2*k**3/3 - k**2 + 2*k. Suppose -23 = -2*h + 17. Suppose 3*a - h = -a. Determine r(a).
-7
Let i(k) be the first derivative of k**3/3 - 4*k**2 + 6*k + 2. Let u(p) = p**3 - 3*p + 5. Let m be u(2). Give i(m).
-1
Let y(d) = -d - 16. Suppose -4*h = -5*i + 58, 2 - 20 = h - 3*i. What is y(h)?
-4
Let x(k) = k**2 + 5. Let y be x(0). Let v(h) = -h**2 - 16 + 2*h + y + 10. Determine v(-2).
-9
Let k(c) = -c + 2. Suppose -4*s + l + 10 = 2*l, 4*s - 14 = l. Let n be s/1 - (-3)/(-1). Suppose 3*a = 3*t - 5 + 17, n = a + 3*t + 4. What is k(a)?
0
Suppose 11*v = 15*v - 8. Suppose -v*n + 13 = 19. Let i(f) = -f**3 - 6*f**2 - 5*f - 4. What is i(n)?
-16
Suppose v = -3*v + 4. Let o = 5 - v. Let x(b) = -b + 3. Calculate x(o).
-1
Let y(l) = -4*l + 3. Let z be y(3). Let k(p) = p + 7. Give k(z).
-2
Let o(r) be the third derivative of r**6/120 + r**5/15 - 5*r**4/24 + r**3 - 2*r**2. What is o(-5)?
6
Suppose 0 = -2*h - 3*h - 10. Let p(s) = 3*s**2 - 1 + 2*s - 2*s**2 + 3. Calculate p(h).
2
Let y(i) = 8 - 4*i**2 + 2*i - 21 + 7 - i**3. Let b = -2 + -3. Determine y(b).
9
Let z = 0 + -1. Let c = z - 1. Let b(l) = -2*l - 4 - 4 + 0*l + 2*l**2 + 5. Give b(c).
9
Let i(k) be the third derivative of -k**5/60 - k**4/24 + k**3/2 - 5*k**2. Give i(0).
3
Let c = -16 + 21. Let y(v) = 7*v**2 + 5*v - 7. Let s(q) = -4*q**2 - 2*q + 3. Let x(d) = c*s(d) + 2*y(d). Give x(1).
-5
Let n(q) = 4*q. Let l(d) = d**2 + 6*d + 2. Let j be l(-6). Let m(u) = -1 + 2 + 0 + 3*u + 0. Let p(v) = j*n(v) - 3*m(v). Give p(-4).
1
Let x(a) = 7*a - 353*a**2 + 4 - 3 + 352*a**2. Determine x(6).
7
Let p(w) = 4 + 1 + w - 4. What is p(6)?
7
Let q be (0 + 5)*3/(-5). Let h(f) = f**2 + f + 4. Give h(q).
10
Let n = 26 + -12. Suppose -x = c + 2, -3*c + c = -3*x + n. Let v(d) be the second derivative of -d**3/6 - d**2/2 + d. Calculate v(x).
-3
Let z(c) = c + 1. Let o be z(3). Let i be (12/(-9))/(4/(-6)). Let w(j) = -j**3 + 4 - 5*j + 2*j + 3*j + 2*j + 3*j**i. What is w(o)?
-4
Let a be 1/(2 - (-9)/(-6)). Let d(s) = s**2 + 4*s**a + s**3 + 2 - 2. Give d(-5).
0
Let y(k) = k**3 - 5*k**2 - 5. Let j be y(5). Let b(t) = 6*t**3 - 7*t**2 + 3*t - 2 - 5*t**3 + t + 13*t**2. Calculate b(j).
3
Let m(u) = -3*u - 29. Let f be m(-12). Let w(b) = b - 4. Give w(f).
3
Let t(l) be the first derivative of -3*l**2/2 + l + 59. What is t(3)?
-8
Let g(o) = -7*o**2 + 5*o + 12. Let q(s) = -6*s**2 + 4*s + 11. Let z = 0 - -6. Let j(l) = z*q(l) - 5*g(l). What is j(0)?
6
Let m(a) = a**2 - 3*a - 2. Let i = 7 - 4. Determine m(i).
-2
Suppose -4*h + g + 2 = 3, g + 7 = -4*h. Let o = -1 - h. Suppose -19 = 4*n + c, n + c + 1 + 6 = o. Let q(y) = y**3 + 4*y**2 - y - 5. Give q(n).
-1
Let l = -9 + 21. Suppose 5*c = -3*g - l, -2*g - 1 = c - 0*c. Let y(j) = -5*j. Determine y(g).
-5
Let z(o) = o**3 + 2*o**2 - 5*o + 2. Suppose 31 - 47 = 4*b. Determine z(b).
-10
Let h = 110 + -112. Let n(j) = j**2 - j - 1. Calculate n(h).
5
Let b(r) = -8*r + 4. Let y(o) = -2*o + 1. Let s(g) = -2*b(g) + 9*y(g). Give s(-3).
7
Let l(r) = 2*r + 2. Let t be 42/5 - 24/(-40). Suppose -2*n = 4*g + 3*